 - 11*p + 14106. Suppose 138*c = 130*c + d. What is the hundreds digit of c?
4
Let g(j) = 99*j + 47. Let i be g(2). Suppose -91*l + 84*l + i = 0. What is the units digit of l?
5
Suppose 23*q - 91*q - 1531 = -48655. What is the units digit of q?
3
What is the thousands digit of (-17394)/(-9) - -16 - 4/6?
1
Let l(f) = f**2 - 13*f + 12. Suppose -g = 2*g - 36. Let m be l(g). Suppose k - 5*d - 230 = m, 0 = k - 4*k - 5*d + 630. What is the tens digit of k?
1
Let n(t) = -29*t + 44. Let d(a) = -19*a + 29. Let v(z) = 7*d(z) - 5*n(z). What is the tens digit of v(16)?
7
Let c(u) = -62*u + 11. Let i = -88 - -84. Let n be c(i). Suppose -5*x + 556 = -n. What is the tens digit of x?
6
Let i(c) = -5*c + 7. Let g be i(4). Let w(d) = -d**3 - 10*d**2 + 9*d + 15. What is the units digit of w(g)?
5
Suppose -8*a + 82*a - 52984 = 0. What is the hundreds digit of a?
7
Let a(l) = -21 + l**3 - 9*l - 11*l**2 + 16 - l + 15. Let i be a(12). Suppose i = -4*v + 74. What is the units digit of v?
0
Let h = -27881 - -72780. What is the hundreds digit of h?
8
Let w be 15/9*1*18. Suppose -54 = 8*x - 70. Suppose j = x*j - w. What is the units digit of j?
0
Let n(v) = 195*v**2 + 91*v - 371. What is the tens digit of n(4)?
1
Suppose 5*f = 5, -3*g = f - 896 - 1481. Suppose 52*b - 60*b + g = 0. What is the units digit of b?
9
Let a be 8/(-12) - 2080/(-24). Suppose -m + 4*n + 112 = 0, -2*m - a = 3*n - 255. What is the units digit of m?
2
Let t(x) = 8*x**3 + x**2 - x + 1. Let m be 1/(5/(0 + 5)). Let h be t(m). What is the hundreds digit of h*(-1)/((-6)/136)?
2
Let n be 60/10*1/2. Suppose n*h - 360 = 138. What is the hundreds digit of h?
1
Let l = 42988 + -12677. What is the tens digit of l?
1
Suppose 5*o - o = 300. Suppose -9 = 2*q - 3*i, -5*i = -4*q + 6 - 23. What is the tens digit of (11/q)/((-5)/o)?
5
What is the hundreds digit of (-22)/((-2)/7*(-11)/(245135/(-35)))?
0
Suppose 3*j - 3 = 0, -4*j - 35896 = a - 12160. What is the hundreds digit of 2/10 + a/(-50)?
4
Suppose 13*l + 3163 = 48169. What is the hundreds digit of l?
4
Suppose 2*o + 2*o = 4. Let n be (-5 - (-4 + 1))*o. What is the units digit of -3 + ((-24)/(-9))/(n/(-3))?
1
Let k = -519 + 1924. What is the thousands digit of k?
1
Suppose 0*g + 3*n = -5*g + 4951, 2*g - 4*n = 1970. Suppose -z + g = 4*c, 126 + 637 = 3*c + 5*z. What is the units digit of c?
6
Let k(x) = -10*x - 1. Let c be (-123)/(-4) + 1 + 15/60. Let o = c + -36. What is the units digit of k(o)?
9
Suppose 10*w - 8 = 6*w. Suppose 0 = -w*f + 2*h + 364, 5*h + 772 = 3*f + 226. Let z = 425 - f. What is the tens digit of z?
4
What is the hundreds digit of -2*4/(-24) + (-3300)/(-9)?
3
Let z be 2 - -1*(477 + 9). Suppose -500*h + z*h = -13668. What is the thousands digit of h?
1
Suppose -3*a - 5*s = -8527, -2*a - 3*a - 4*s + 14190 = 0. Let b = a - 1949. What is the hundreds digit of b?
8
Let g(p) = 64*p**2 + 47*p - 182. What is the hundreds digit of g(12)?
5
Let k(h) = 50 + 3*h - 14*h + 9*h. Let w be k(26). What is the tens digit of (-226)/(2/w) + (-5 - -6)?
2
Let j(f) = 2 - 3*f**3 + 3 + 4*f**3 + 0*f**3 - f**2 + 2*f. Let w be j(0). Suppose -4*a = 5*d - 352, -4*a + w*d + 324 = 3*d. What is the units digit of a?
3
Suppose 3 = -4*q + 11, 4*o - 3*q - 2 = 0. Suppose 4*r - 1858 = 5*a, o = -3*a + 2*a. Suppose -5*l + t = -r, -2*l + 3*t = -t - 192. What is the tens digit of l?
9
Let v(x) = -x**3 - 21*x**2 - 38*x. Let i be v(-19). Suppose i*z + 2465 = 17*z. What is the units digit of z?
5
Let d(q) = -3*q**3 + 2*q**2 + 2*q - 2. Let z be d(2). Let h(n) = 16*n**2 + 27*n**3 - 3*n - 34 - 12*n**3 - 14*n**3 + 8*n. What is the hundreds digit of h(z)?
2
Let g(i) be the second derivative of i**5/4 + i**3/2 - i**2/2 + 15*i. Let f be g(2). Let m = -33 + f. What is the units digit of m?
2
Suppose -q - 4*q = z - 3640, 0 = 4*z + q - 14617. Let a = z - 1527. Suppose -a = -6*t - 8*t. What is the tens digit of t?
5
Let h = -702 - -446. Let n be h/(-40) - 6/(-10). What is the units digit of n + (-1 - 3) - -5?
8
Let d(h) = 31*h**2 - 14*h + 33. Let y be d(5). Let i = 1494 - y. What is the units digit of i?
6
Let o be 21/7*2 - -24. Let w = 9 + o. What is the tens digit of w?
3
Suppose g + 5*i = 8447, 712*i + 42235 = 5*g + 715*i. What is the hundreds digit of g?
4
Let t be ((-15)/(-4))/((-30)/(-40)). Suppose 1240 = -t*a + 15*a. What is the tens digit of a?
2
Let c = 254 - 249. Suppose 0 = 4*g + 4*s - 213 - 627, -c*g = s - 1070. What is the units digit of g?
5
Let p(d) be the third derivative of d**5/60 - d**4/3 + 5*d**3/2 - 14*d**2. Let q be p(6). Suppose q*o - 23 = 106. What is the units digit of o?
3
Let s(k) = 5*k**3 - k**2 + 3*k - 2. Let o = 16 - 15. Let x be s(o). Suppose -u + 510 = x*u. What is the units digit of u?
5
Suppose -9*l - 110 = -272. Let m be (-40)/(-6)*81/l. Suppose -2*o + m = -238. What is the hundreds digit of o?
1
Suppose 87 = x - v, 0*v + 2*v + 426 = 5*x. Suppose 3*j - 2 = 4*j - 2*d, 2*j = -2*d - 10. What is the tens digit of x - ((-84)/48 - 3/j)?
8
Suppose 4*a - 5*a - 68 = 0. Let j = -122 - a. What is the hundreds digit of 10*j*(-4)/16?
1
Let b = 66 + -64. Suppose 0 = b*c + u - 1171, c - u - 578 = u. What is the units digit of c?
4
Let c(i) = -26*i + 662. What is the tens digit of c(-29)?
1
Suppose 7*o = 12*o - 10. Let v be -6*(-1)/o - (0 + -7). Suppose 3*p - v*p = -294. What is the units digit of p?
2
What is the units digit of (5012/(-8) - 1)/((-53)/1166)?
5
Let g = 245 - 243. Suppose -2*y + 751 = g*y - n, -4*n = -5*y + 925. What is the units digit of y?
9
Let g(w) be the second derivative of w**5/20 - 9*w**4/8 - 11*w**3/3 + 9*w**2/2 - 9*w. Let u(l) be the first derivative of g(l). What is the tens digit of u(12)?
8
Let g(s) = -20*s + 25. Suppose 2*f - 16 = -2. Let l(z) = -10*z + 12. Let h(y) = f*l(y) - 3*g(y). What is the tens digit of h(-7)?
7
Let b = -14215 - -9211. What is the units digit of b/(-42) - 1/7?
9
Suppose -4*f + 4*d - 37 = 3*d, 49 = -4*f - 3*d. Let y = f - -14. Suppose -4*v - 3*c + 25 = 0, 2*v - y*c - 12 = 6. What is the units digit of v?
7
Suppose -5*d = -3*r - 117 + 49, 3*d - 36 = -3*r. Let u(w) = w**3 - 10*w**2 - 24*w + 169. What is the hundreds digit of u(d)?
3
Suppose -2*t = -7*t + 4*k + 18, -5*t - 2*k + 36 = 0. Let g(f) = 98*f - 86. What is the units digit of g(t)?
2
Suppose 5*u = u + 248. Suppose 2*z - u = 4*y, -3*y - 87 = -2*z - 28. Suppose z = f - 20. What is the units digit of f?
5
Let m be 27/((-10)/4 - -2). Suppose -3*v + 7 + 5 = 0, v - 156 = -2*f. Let u = m + f. What is the units digit of u?
2
Suppose -26*b = -12*b - 206*b + 1221696. What is the hundreds digit of b?
3
Suppose 1027 = 8*o - 2621. Let v = o - -1098. What is the units digit of v?
4
Let a be (-5 - (2 - 4)) + -1 + 8. Let x be (-14 - -13) + 2*a. Suppose -x*v + 1744 = v. What is the tens digit of v?
1
Let z = -33330 - -80414. What is the thousands digit of z?
7
Suppose 25692 + 1030 = 62*t. What is the tens digit of t?
3
Let z = 89 + -92. Let n be 1 - z*366/9. Suppose y - n = -p, 63 = -p + 2*y + 192. What is the tens digit of p?
2
Let l be 52/(-12) - 5/(-15). Let r be ((-50)/(-15)*-7)/(l/138). Suppose -6*w + 536 = 2*t - 3*w, -5*w + r = 3*t. What is the tens digit of t?
6
What is the thousands digit of ((-19116)/(-16))/(8 + (-244)/32)?
3
What is the thousands digit of -2*(-2 + 1) - ((-5041 - -12) + 2)?
5
Let o(i) = -i**2 - 5*i + 9. Let x be o(-6). Let v be 48/(-96)*(-1 - -7)*-1. Suppose -3*w - 246 = -x*r, 5*r + w = v*w + 413. What is the tens digit of r?
8
Suppose -174205 = 62*p - 717139. What is the tens digit of p?
5
Suppose 5*o - 3*o - 5 = -3*s, 2*o = 2*s - 20. Suppose 0 = -4*z + s + 11. Suppose -3*g - z*g = -574. What is the tens digit of g?
8
Let n(k) = 2117*k**3 + 5*k**2 + 4*k - 4. Let w be n(2). Suppose 44*s = 14500 + w. What is the tens digit of s?
1
Let v = 2570 - 2567. Let p(b) = -1 + 13*b**2 + b - 3*b + b. What is the hundreds digit of p(v)?
1
Let f(t) be the first derivative of 2*t**3/3 + 12*t**2 - 10*t + 4. What is the tens digit of f(7)?
5
Suppose 2*p = a + 804, p - 411 + 9 = 5*a. Suppose 5172 = 5*y + p. What is the hundreds digit of y?
9
Let q(v) = 16*v + 14*v + 2 + 2*v - 23*v. Let j be q(1). Suppose -6*x + 4*r = -j*x + 307, -130 = -2*x - 4*r. What is the units digit of x?
9
What is the ten thousands digit of 136/(2/(24/(-5)))*-5*22?
3
Let i = 2165 + 18091. What is the hundr